e
Is 1739645 a prime number?
False
Is 69764797 a prime number?
True
Is 79156079 composite?
True
Is 477359 prime?
True
Is 3024191 prime?
True
Is 10965169 composite?
True
Is 280981 a prime number?
False
Is 71633195 a prime number?
False
Is 11260745 prime?
False
Is 4143589 a prime number?
False
Is 1466345 prime?
False
Is 3043217 composite?
False
Is 1708481 composite?
True
Is 909985 prime?
False
Is 32919397 a prime number?
False
Is 10594481 a composite number?
False
Is 18790571 a composite number?
True
Is 327959539 composite?
False
Is 67513843 a composite number?
True
Is 1901536319 a prime number?
True
Is 5626339 a composite number?
False
Is 938753 prime?
False
Is 1258822 composite?
True
Is 8940769 a prime number?
True
Is 418193 prime?
False
Is 621263 a composite number?
True
Is 4526783 composite?
True
Is 4387283 a composite number?
False
Is 2075641 composite?
False
Is 16711517 composite?
True
Is 19081807 prime?
True
Is 20082035 a prime number?
False
Is 126419503 composite?
True
Is 81729035 a prime number?
False
Is 32025971 composite?
True
Is 10190377 prime?
True
Is 49533751 prime?
False
Is 24826283 composite?
True
Is 23509 a composite number?
False
Is 2626121 a prime number?
True
Is 7801159 a composite number?
False
Is 33902053 prime?
False
Is 3161047 prime?
False
Is 50231851 composite?
True
Is 53255 a composite number?
True
Is 2782937 a composite number?
False
Is 15401 a composite number?
False
Is 465720901 a prime number?
True
Is 219311 prime?
True
Is 93880643 a prime number?
True
Is 41731199 a prime number?
False
Is 102977501 a composite number?
True
Is 18449773 composite?
True
Is 28810153 a prime number?
False
Is 14064803 prime?
True
Is 45390047 composite?
False
Is 17296573 prime?
False
Is 8185243 a composite number?
True
Is 3616483 a composite number?
True
Is 44747567 prime?
True
Is 6502827 a prime number?
False
Is 252908641 prime?
False
Is 5312071 composite?
False
Is 3154967 prime?
True
Is 31775953 a prime number?
False
Is 433760017 a composite number?
False
Is 8515433 a prime number?
True
Is 247839433 composite?
False
Is 102063007 a prime number?
False
Is 434453389 a composite number?
False
Is 946367 a prime number?
True
Is 149846501 prime?
False
Is 52543577 a composite number?
False
Is 2294987 a composite number?
False
Is 15786539 a composite number?
False
Is 100789393 a prime number?
False
Is 3964309 a composite number?
True
Is 32336599 a composite number?
True
Is 1931354 prime?
False
Is 1030335755 prime?
False
Is 127318 prime?
False
Is 861331 a prime number?
False
Is 131257129 prime?
True
Is 15098519 a prime number?
False
Is 149983769 composite?
True
Is 1155419 prime?
True
Is 129683297 prime?
True
Is 14718203 a prime number?
True
Is 2733187 composite?
False
Is 3669238 a composite number?
True
Is 35434769 a composite number?
True
Is 77279 a composite number?
False
Is 42206509 composite?
True
Is 36762769 composite?
True
Is 2365241 a prime number?
True
Is 42210449 composite?
True
Is 1683631 prime?
True
Is 12094367 prime?
True
Is 779063 a composite number?
False
Is 1529989 a composite number?
False
Is 43234255 composite?
True
Is 437537 a composite number?
True
Is 20903501 a prime number?
False
Is 5663663 a composite number?
True
Is 42057605 composite?
True
Is 489329 composite?
False
Is 219575267 prime?
False
Is 9005153 a prime number?
False
Is 51672133 prime?
False
Is 268864203 a prime number?
False
Is 120503093 composite?
False
Is 8860613 a prime number?
False
Is 297697 prime?
False
Is 3069107 composite?
False
Is 19878681 a prime number?
False
Is 153948709 composite?
False
Is 4172239 prime?
True
Is 179712751 a prime number?
True
Is 126765551 prime?
False
Is 4137871 prime?
True
Is 963394415 a composite number?
True
Is 2198267 prime?
False
Is 144962618 prime?
False
Is 96179561 composite?
False
Is 4030277 composite?
False
Is 51495497 prime?
True
Is 4337131 composite?
False
Is 33438107 a prime number?
True
Is 89182217 composite?
True
Is 217071587 a composite number?
False
Is 185291 prime?
True
Is 5602631 prime?
True
Is 72002531 a composite number?
True
Is 68196797 a composite number?
False
Is 890221 a composite number?
False
Is 19871851 a prime number?
False
Is 20549059 composite?
True
Is 8347589 composite?
False
Is 1435633 prime?
False
Is 14339159 a prime number?
True
Is 6520919 prime?
True
Is 607434335 prime?
False
Is 35311453 a prime number?
True
Is 65906593 a composite number?
True
Is 278700709 prime?
False
Is 140355181 prime?
False
Is 91762147 composite?
True
Is 430391 prime?
False
Is 5881111 a composite number?
False
Is 1522321 composite?
False
Is 31177729 composite?
True
Is 12501233 a prime number?
False
Is 14241499 prime?
True
Is 8842121 a prime number?
False
Is 489569 a prime number?
False
Is 778732705 a composite number?
True
Is 90095639 prime?
True
Is 4097822 a composite number?
True
Is 8115529 prime?
True
Is 10451603 prime?
False
Is 3109615 a composite number?
True
Is 3656021 prime?
False
Is 80741489 prime?
False
Is 1313071 prime?
False
Is 105916843 composite?
True
Is 18312161 a composite number?
True
Is 28093993 prime?
True
Is 322052765 a prime number?
False
Is 6708203 composite?
True
Is 96473933 a composite number?
False
Is 218441357 composite?
True
Is 7153583 a composite number?
True
Is 10548869 composite?
True
Is 1759851545 a prime number?
False
Is 253939069 prime?
True
Is 621559 a composite number?
True
Is 10825943 a composite number?
True
Is 12801101 a prime number?
True
Is 14526649 a composite number?
False
Is 3840673 a composite number?
True
Is 21349249 prime?
False
Is 73035181 prime?
False
Is 8065229 prime?
True
Is 8534105 prime?
False
Is 91557151 composite?
True
Is 80241251 composite?
False
Is 42393317 composite?
False
Is 3725411 composite?
False
Is 24879185 prime?
False
Is 83131 prime?
False
Is 2633333 a prime number?
True
Is 287437 prime?
True
Is 167339833 prime?
False
Is 274709 composite?
False
Is 739477 composite?
True
Is 5937037 prime?
True
Is 2399413 composite?
True
Is 40502419 a prime number?
True
Is 10639561 a prime number?
True
Is 27093263 a prime number?
True
Is 21222649 composite?
True
Is 11833427 a composite number?
False
Is 44202283 a composite number?
False
Is 52915381 a composite number?
True
Is 4310603 composite?
True
Is 6237131 prime?
True
Is 260342521 composite?
True
Is 84568307 a prime number?
False
Is 49291483 prime?
False
Is 9656909 prime?
True
Is 15115457 a composite number?
True
Is 1978867 prime?
False
Is 27525469 composite?
True
Is 16969343 a composite number?
True
Is 3386963 a prime number?
False
Is 3771379 a composite number?
True
Is 8028983 a prime number?
True
Is 27252641 a composite number?
True
Is 5243003 composite?
False
Is 613649 a prime number?
False
Is 48544519 a composite number?
True
Is 8668951 composite?
False
Is 63843461 a prime number?
False
Is 35127013 prime?
True
Is 11921473 a composite number?
False
Is 10131977 a composite number?
True
Is 527977 composite?
True
Is 4014379 composite?
True
Is 28490901 prime?
False
Is 20508281 a prime number?
True
Is 8075218 composite?
True
Is 5076037 a composite number?
False
Is 18101833 prime?
False
Is 210488171 prime?
False
Is 8309933 composite?
True
Is 3540261 a prime number?
False
Is 69468857 composite?
False
Is 1742729 a prime number?
False
Is 2497091 a prime number?
False
Is 119464963 prime?
False
Is 89399879 a composite number?
False
Is 4221013 a prime number?
False
Is 4997523 a prime number?
False
Is 89505761 a prime number?
True
Is 35089741 a composite number?
True
Is 2544261 prime?
False
Is 387146 a composite number?
True
Is 5030791 a prime number?
True
Is 707981737 a prime number?
False
Is 10232537 a prime number?
False
Is 5154613 prime?
False
Is 9685871 a composite number?
True
Is 93553177 composite?
False
Is 49607521 prime?
True
Is 1290647 a composite number?
True
Is 124221443 composite?
False
Is 9880933 a composite number?
True
Is 1400417 composite?
False
Is 8437727 a prime number?
True
Is 353669 prime?
False
Is 1003879 composite?
False
Is 11166187 a prime number?
True
Is 9487867 prime?
True
Is 5967373 prime?
False
Is 326883547 a composite number?
False
Is 899850041 composite?
False
Is 891133 a prime number?
True
Is 58617434 a composite number?
True
Is 6387301 prime?
True
Is 2141419 a prime number?
False
Is 47121458 a prime number